mon factor of 802647 and 27270?
909
What is the highest common factor of 38200866 and 836?
22
Calculate the greatest common factor of 5600 and 3361200.
400
What is the greatest common factor of 27805295 and 217?
217
What is the greatest common factor of 9 and 163049244?
3
What is the greatest common factor of 18231 and 712863?
309
What is the highest common factor of 2485364 and 420?
28
Calculate the highest common divisor of 21990 and 3030.
30
Calculate the highest common divisor of 498 and 16706406.
498
Calculate the highest common divisor of 713915004 and 1452.
1452
Calculate the greatest common divisor of 62514 and 79902.
414
Calculate the greatest common factor of 6000 and 6796050.
150
What is the greatest common divisor of 7474 and 20276?
74
What is the greatest common factor of 2109054 and 22304?
34
Calculate the greatest common factor of 225039623 and 116.
29
What is the highest common factor of 8323652 and 4?
4
What is the highest common divisor of 404128 and 286834?
346
What is the greatest common divisor of 277173 and 702975?
4017
What is the highest common divisor of 11079 and 400361823?
11079
Calculate the highest common divisor of 2975478 and 176.
22
Calculate the greatest common divisor of 236672 and 16256.
128
What is the highest common factor of 141 and 376076751?
141
Calculate the highest common factor of 126450 and 8709876.
5058
What is the greatest common factor of 5935 and 14419676?
1187
What is the highest common divisor of 57 and 93248542?
19
What is the highest common divisor of 6697588 and 1865?
373
What is the greatest common divisor of 992 and 597122?
62
Calculate the greatest common factor of 15663 and 1517949.
681
Calculate the greatest common factor of 211410 and 1063836.
522
What is the greatest common factor of 188 and 34747946?
94
What is the greatest common divisor of 10426392 and 7160?
1432
What is the greatest common factor of 58920 and 6568598?
982
What is the highest common factor of 18 and 202508742?
6
What is the greatest common factor of 11793509 and 247?
247
What is the highest common factor of 11040141 and 21?
21
Calculate the greatest common factor of 91054 and 22207.
53
Calculate the greatest common divisor of 120 and 31839540.
60
Calculate the greatest common factor of 5448181 and 50251.
1621
What is the highest common factor of 282359 and 1349?
19
Calculate the greatest common factor of 28877523 and 372.
93
What is the greatest common factor of 49740 and 1060?
20
What is the highest common divisor of 1 and 27860981?
1
Calculate the highest common divisor of 310 and 8865907.
31
Calculate the highest common factor of 8085289 and 489.
163
What is the highest common divisor of 415022 and 80?
2
What is the highest common divisor of 395928 and 6723?
81
Calculate the highest common factor of 15390 and 104735106.
3078
What is the greatest common divisor of 350669 and 46008?
71
What is the highest common factor of 1470715 and 19260?
535
Calculate the greatest common divisor of 10848 and 161400.
24
What is the highest common divisor of 351 and 79578603?
117
What is the highest common divisor of 47382 and 8059074?
318
What is the highest common divisor of 2688 and 558033?
21
What is the greatest common divisor of 536 and 260429?
67
What is the highest common divisor of 7436 and 3775486?
286
What is the greatest common factor of 572451 and 7139?
121
Calculate the greatest common divisor of 104267 and 948055.
127
Calculate the highest common factor of 35525 and 4496975.
1225
What is the highest common divisor of 1376656 and 789520?
2224
Calculate the greatest common factor of 1456673 and 152.
19
What is the greatest common divisor of 13419 and 142570911?
1491
What is the greatest common divisor of 231710000 and 799?
799
Calculate the highest common factor of 2884560 and 240.
240
Calculate the greatest common factor of 12865818 and 2.
2
What is the highest common divisor of 62634 and 148566?
66
Calculate the highest common factor of 94430 and 231.
7
What is the greatest common divisor of 28513612 and 19396?
1492
What is the highest common factor of 36909405 and 5265?
1755
Calculate the highest common divisor of 196349 and 1148.
41
Calculate the highest common factor of 8895 and 107.
1
What is the greatest common divisor of 6259200 and 1300?
100
What is the greatest common divisor of 1872 and 382581?
9
Calculate the greatest common factor of 78113359 and 69.
23
What is the highest common factor of 229 and 134860848?
229
What is the greatest common divisor of 10633 and 114545?
31
What is the highest common divisor of 1631663015 and 5?
5
What is the highest common factor of 312091 and 17368?
13
Calculate the greatest common factor of 2120 and 710576830.
530
Calculate the greatest common divisor of 1389664 and 96.
32
Calculate the highest common factor of 14 and 9249142.
14
What is the highest common divisor of 221841109 and 6698?
3349
Calculate the greatest common factor of 35555 and 8788.
13
What is the highest common factor of 23961552 and 1062?
354
Calculate the highest common factor of 807311 and 3883.
353
What is the highest common divisor of 143 and 58844544?
11
What is the greatest common factor of 9264 and 2714931?
579
What is the greatest common divisor of 822872 and 824?
8
Calculate the highest common divisor of 478 and 3469802.
478
What is the greatest common divisor of 352 and 144296548?
44
What is the highest common divisor of 20927403 and 1367?
1367
What is the highest common divisor of 18 and 13268925?
9
What is the highest common factor of 3234 and 2181088?
98
What is the greatest common factor of 237502 and 16?
2
What is the greatest common divisor of 12 and 34019691?
3
What is the greatest common divisor of 16 and 1569340?
4
What is the highest common divisor of 3232 and 330784?
32
What is the greatest common divisor of 7397898 and 6?
6
Calculate the greatest common divisor of 6747 and 7187817.
39
What is the greatest common divisor of 159975 and 285?
15
What is the greatest common factor of 11652408 and 144?
72
Calculate the greatest common divisor of 2816 and 6563584.
256
What is the greatest common factor of 5996 and 68373887?
1499
Calculate the highest common factor of 193752 and 2452996.
1196
What is the highest common factor of 30539623 and 219?
73
Calculate the greatest common factor of 2957224 and 1141824.
2504
Calculate the greatest common factor of 4377 and 741581979.
4377
What is the greatest common factor of 155 and 1040560?
5
What is the highest common factor of 2018057 and 573239?
2131
What is the greatest common factor of 1485 and 554730?
165
What is the greatest common divisor of 429196 and 368196?
244
What is the highest common divisor of 26 and 3872714014?
26
What is the greatest common divisor of 19 and 16837901?
1
Calculate the greatest common divisor of 102825095 and 85.
85
What is the highest common divisor of 11 and 92541559?
11
What is the greatest common divisor of 537 and 940690108?
179
Calculate the greatest common divisor of 33186 and 26922.
6
Calculate the highest common factor of 8010 and 262202544.
1602
Calculate the highest common factor of 16439522 and 44.
22
Calculate the greatest common factor of 3890 and 1588255880.
3890
Calculate the greatest common factor of 1001 and 73871413.
77
Calculate the greatest common divisor of 294755 and 246325.
835
Calculate the highest common factor of 2852 and 31031558.
62
What is the highest common factor of 180 and 3859884?
36
Calculate the highest common factor of 38968325 and 49995.
5555
Calculate the highest common divisor of 132 and 97287784.
44
Calculate the greatest common divisor of 114480 and 23080.
40
Calculate the highest common factor of 144 and 87154152.
24
What is the highest common divisor of 665161 and 187201?
3983
Calculate the greatest common divisor of 1740381 and 1427394.
1083
What is the highest common factor of 2350201 and 42?
7
Calculate the greatest common factor of 531 and 23441031.
9
Calculate the greatest common factor of 190 and 10208035.
95
What is the highest common factor of 80 and 1270540?
20
What is the greatest common factor of 12302238 and 13026?
78
What is the greatest common factor of 1545732 and 252?
36
What is the highest common factor of 61908 and 4615380?
924
What is the greatest com